{"id":35580,"date":"2025-04-14T14:13:46","date_gmt":"2025-04-14T11:13:46","guid":{"rendered":"https:\/\/ynrsolar.shop\/?post_type=product&#038;p=35580"},"modified":"2025-04-14T14:14:15","modified_gmt":"2025-04-14T11:14:15","slug":"pantec-1kw-tam-sinus-akilli-invertor","status":"publish","type":"product","link":"https:\/\/ynrsolar.shop\/index.php\/urun\/pantec-1kw-tam-sinus-akilli-invertor\/","title":{"rendered":"Pantec 1kw Tam Sin\u00fcs Ak\u0131ll\u0131 \u0130nvert\u00f6r"},"content":{"rendered":"<p>Pantec 1kw Tam Sin\u00fcs Ak\u0131ll\u0131 \u0130nvert\u00f6r<\/p>\n<p>Pantec Ak\u0131ll\u0131 \u0130nvert\u00f6r<\/p>\n","protected":false},"excerpt":{"rendered":"<p>Pantec 1kw Tam Sin\u00fcs Ak\u0131ll\u0131 \u0130nvert\u00f6r Pantec Ak\u0131ll\u0131 \u0130nvert\u00f6r<\/p>\n","protected":false},"featured_media":35647,"template":"","meta":[],"pwb-brand":[315],"product_brand":[],"product_cat":[1990,1987],"product_tag":[2240],"class_list":{"0":"post-35580","1":"product","2":"type-product","3":"status-publish","4":"has-post-thumbnail","6":"pwb-brand-pantec","7":"product_cat-akilli-inverterler","8":"product_cat-inverterler","9":"product_tag-pantec-1kw-tam-sinus-akilli-invertor","11":"first","12":"instock","13":"shipping-taxable","14":"purchasable","15":"product-type-simple"},"jetpack_sharing_enabled":true,"brands":[{"id":315,"name":"Pantec","slug":"pantec"}],"_links":{"self":[{"href":"https:\/\/ynrsolar.shop\/index.php\/wp-json\/wp\/v2\/product\/35580","targetHints":{"allow":["GET"]}}],"collection":[{"href":"https:\/\/ynrsolar.shop\/index.php\/wp-json\/wp\/v2\/product"}],"about":[{"href":"https:\/\/ynrsolar.shop\/index.php\/wp-json\/wp\/v2\/types\/product"}],"version-history":[{"count":1,"href":"https:\/\/ynrsolar.shop\/index.php\/wp-json\/wp\/v2\/product\/35580\/revisions"}],"predecessor-version":[{"id":35648,"href":"https:\/\/ynrsolar.shop\/index.php\/wp-json\/wp\/v2\/product\/35580\/revisions\/35648"}],"wp:featuredmedia":[{"embeddable":true,"href":"https:\/\/ynrsolar.shop\/index.php\/wp-json\/wp\/v2\/media\/35647"}],"wp:attachment":[{"href":"https:\/\/ynrsolar.shop\/index.php\/wp-json\/wp\/v2\/media?parent=35580"}],"wp:term":[{"taxonomy":"pwb-brand","embeddable":true,"href":"https:\/\/ynrsolar.shop\/index.php\/wp-json\/wp\/v2\/pwb-brand?post=35580"},{"taxonomy":"product_brand","embeddable":true,"href":"https:\/\/ynrsolar.shop\/index.php\/wp-json\/wp\/v2\/product_brand?post=35580"},{"taxonomy":"product_cat","embeddable":true,"href":"https:\/\/ynrsolar.shop\/index.php\/wp-json\/wp\/v2\/product_cat?post=35580"},{"taxonomy":"product_tag","embeddable":true,"href":"https:\/\/ynrsolar.shop\/index.php\/wp-json\/wp\/v2\/product_tag?post=35580"}],"curies":[{"name":"wp","href":"https:\/\/api.w.org\/{rel}","templated":true}]}}