{"id":35567,"date":"2025-04-14T14:13:43","date_gmt":"2025-04-14T11:13:43","guid":{"rendered":"https:\/\/ynrsolar.shop\/?post_type=product&#038;p=35567"},"modified":"2025-06-09T18:10:07","modified_gmt":"2025-06-09T15:10:07","slug":"agromot-48v-100ah-lifepo4-lityum-aku","status":"publish","type":"product","link":"https:\/\/ynrsolar.shop\/index.php\/urun\/agromot-48v-100ah-lifepo4-lityum-aku\/","title":{"rendered":"Agromot 48V 100Ah Lifepo4 Lityum Ak\u00fc"},"content":{"rendered":"<p>48V100Ah<\/p>\n<p>Max Charge\/Discharge:    100 A \/ 100 A<\/p>\n<p>Nominal Voltage:     48Vdc<\/p>\n<p>Nominal Capacity:   100Ah , 25\u00b0C<\/p>\n<p>Max Charge Voltage:     54.7V<\/p>\n<p>Y\u00fcksek performans ve uzun \u00f6m\u00fcrl\u00fc kullan\u0131m sunan Agromot LiFePO4 Lityum Ak\u00fcler, geli\u015fmi\u015f enerji y\u00f6netimi sayesinde daha verimli ve g\u00fcvenilir bir g\u00fc\u00e7 kayna\u011f\u0131 sa\u011flar. Hafif yap\u0131s\u0131, y\u00fcksek de\u015farj kapasitesi ve h\u0131zl\u0131 \u015farj \u00f6zelli\u011fi ile geleneksel ak\u00fclere k\u0131yasla \u00fcst\u00fcn bir alternatif sunmaktad\u0131r.<\/p>\n<p>LiFePO4 teknolojisi, stabil voltaj aral\u0131\u011f\u0131 ve derin de\u015farj dayan\u0131m\u0131 sayesinde solar enerji sistemleri, marin uygulamalar, karavan, tiny house ve end\u00fcstriyel enerji depolama alanlar\u0131nda y\u00fcksek performans g\u00f6sterir. D\u00fc\u015f\u00fck kendi kendine de\u015farj oran\u0131 ve uzun \u00e7evrim \u00f6mr\u00fc ile s\u00fcrd\u00fcr\u00fclebilir enerji \u00e7\u00f6z\u00fcmlerinde g\u00fcvenle kullan\u0131labilir.<\/p>\n<p>Agromot LiFePO4 Lityum Ak\u00fcler, yenilenebilir enerji sistemlerinden ba\u011f\u0131ms\u0131z g\u00fc\u00e7 ihtiya\u00e7lar\u0131na kadar geni\u015f bir kullan\u0131m alan\u0131na sahiptir. Uzun vadeli enerji verimlili\u011fi ve dayan\u0131kl\u0131l\u0131\u011f\u0131yla g\u00fc\u00e7l\u00fc bir enerji \u00e7\u00f6z\u00fcm\u00fc sunar.<\/p>\n","protected":false},"excerpt":{"rendered":"<p>48V100Ah Max Charge\/Discharge: 100 A \/ 100 A Nominal Voltage: 48Vdc Nominal Capacity: 100Ah , 25\u00b0C Max Charge Voltage: 54.7V<\/p>\n","protected":false},"featured_media":35607,"template":"","meta":[],"pwb-brand":[159],"product_brand":[],"product_cat":[124,2002,2003],"product_tag":[2225],"class_list":{"0":"post-35567","1":"product","2":"type-product","3":"status-publish","4":"has-post-thumbnail","6":"pwb-brand-agromot","7":"product_cat-akuler","8":"product_cat-lifepo4-lithium","9":"product_cat-lityum-akuler","10":"product_tag-agromot-48v-100-ah-lifepo4-lityum-aku","12":"first","13":"instock","14":"product-type-simple"},"jetpack_sharing_enabled":true,"brands":[{"id":159,"name":"Agromot","slug":"agromot"}],"_links":{"self":[{"href":"https:\/\/ynrsolar.shop\/index.php\/wp-json\/wp\/v2\/product\/35567","targetHints":{"allow":["GET"]}}],"collection":[{"href":"https:\/\/ynrsolar.shop\/index.php\/wp-json\/wp\/v2\/product"}],"about":[{"href":"https:\/\/ynrsolar.shop\/index.php\/wp-json\/wp\/v2\/types\/product"}],"version-history":[{"count":1,"href":"https:\/\/ynrsolar.shop\/index.php\/wp-json\/wp\/v2\/product\/35567\/revisions"}],"predecessor-version":[{"id":35608,"href":"https:\/\/ynrsolar.shop\/index.php\/wp-json\/wp\/v2\/product\/35567\/revisions\/35608"}],"wp:featuredmedia":[{"embeddable":true,"href":"https:\/\/ynrsolar.shop\/index.php\/wp-json\/wp\/v2\/media\/35607"}],"wp:attachment":[{"href":"https:\/\/ynrsolar.shop\/index.php\/wp-json\/wp\/v2\/media?parent=35567"}],"wp:term":[{"taxonomy":"pwb-brand","embeddable":true,"href":"https:\/\/ynrsolar.shop\/index.php\/wp-json\/wp\/v2\/pwb-brand?post=35567"},{"taxonomy":"product_brand","embeddable":true,"href":"https:\/\/ynrsolar.shop\/index.php\/wp-json\/wp\/v2\/product_brand?post=35567"},{"taxonomy":"product_cat","embeddable":true,"href":"https:\/\/ynrsolar.shop\/index.php\/wp-json\/wp\/v2\/product_cat?post=35567"},{"taxonomy":"product_tag","embeddable":true,"href":"https:\/\/ynrsolar.shop\/index.php\/wp-json\/wp\/v2\/product_tag?post=35567"}],"curies":[{"name":"wp","href":"https:\/\/api.w.org\/{rel}","templated":true}]}}