{"id":35355,"date":"2025-04-14T14:12:22","date_gmt":"2025-04-14T11:12:22","guid":{"rendered":"https:\/\/ynrsolar.shop\/?post_type=product&#038;p=35355"},"modified":"2025-06-09T19:01:19","modified_gmt":"2025-06-09T16:01:19","slug":"tommatech-15hp-1kw-1faz-230v-pompa-icin-sulama-paketi","status":"publish","type":"product","link":"https:\/\/ynrsolar.shop\/index.php\/urun\/tommatech-15hp-1kw-1faz-230v-pompa-icin-sulama-paketi\/","title":{"rendered":"Tommatech 1,5HP 1KW 1FAZ 230V Pompa \u0130\u00e7in Sulama Paketi"},"content":{"rendered":"<h2>1HP-1KW 1 FAZ \/ 230V Pompa \u0130\u00e7in Sulama Paketi<\/h2>\n<table class=\"table table-bordered table-hover table-striped\" border=\"2\" cellspacing=\"0\" cellpadding=\"0\">\n<tbody>\n<tr>\n<td><strong>\u00dcr\u00fcn A\u00e7\u0131klamas\u0131<\/strong><\/td>\n<td><strong>Miktar<\/strong><\/td>\n<td><strong>Birim<\/strong><\/td>\n<\/tr>\n<tr>\n<td>TommaTech 550Wp M12 108PM Half-Cut MB G\u00fcne\u015f Paneli<\/td>\n<td>8<\/td>\n<td>Adet<\/td>\n<\/tr>\n<tr>\n<td>TommaTech 1.5kW 1 Faz\/230V Solar Pompa \u0130nvert\u00f6r\u00fc<\/td>\n<td>1<\/td>\n<td>Adet<\/td>\n<\/tr>\n<tr>\n<td>0.75-5.5kW \u0130nv. i\u00e7in IP67 Galvaniz Sulama Panosu<\/td>\n<td>1<\/td>\n<td>Adet<\/td>\n<\/tr>\n<tr>\n<td>D\u00fcz Zemin 12(2&#215;6) Panellik Galvaniz (\u00c7inko) Altyap\u0131<\/td>\n<td>1<\/td>\n<td>Adet<\/td>\n<\/tr>\n<tr>\n<td>DC K\u0131rm\u0131z\u0131 1 Metre (6.0mm &#8211; Kesit) Solar Kablo<\/td>\n<td>20<\/td>\n<td>Adet<\/td>\n<\/tr>\n<tr>\n<td>DC Siyah 1 Metre (6.0mm &#8211; Kesit) Solar Kablo<\/td>\n<td>20<\/td>\n<td>Adet<\/td>\n<\/tr>\n<tr>\n<td>SMC4-MC4 Di\u015fi-Erkek Ba\u011flant\u0131 Konnekt\u00f6r Seti<\/td>\n<td>2<\/td>\n<td>Adet<\/td>\n<\/tr>\n<tr>\n<td>NYAF 1 Metre (16mm &#8211; Kesit) Topraklama Kablosu<\/td>\n<td>5<\/td>\n<td>Adet<\/td>\n<\/tr>\n<tr>\n<td>200 cm Galvaniz Topraklama Kaz\u0131\u011f\u0131<\/td>\n<td>1<\/td>\n<td>Adet<\/td>\n<\/tr>\n<\/tbody>\n<\/table>\n<p><strong>*Bu paketteki \u00fcr\u00fcnler sisteme enerji verecek minimum adetlere g\u00f6re hesaplanm\u0131\u015f olup referans niteli\u011findedir. Her pompa i\u00e7in ayr\u0131ca hesaplama yap\u0131lmas\u0131 gerekmektedir.<\/strong><\/p>\n","protected":false},"excerpt":{"rendered":"<p>1HP-1KW 1 FAZ \/ 230V Pompa \u0130\u00e7in Sulama Paketi \u00dcr\u00fcn A\u00e7\u0131klamas\u0131 Miktar Birim TommaTech 550Wp M12 108PM Half-Cut MB G\u00fcne\u015f<\/p>\n","protected":false},"featured_media":35395,"template":"","meta":[],"pwb-brand":[518],"product_brand":[],"product_cat":[2086,2023,1996,1995],"product_tag":[2136,2137],"class_list":{"0":"post-35355","1":"product","2":"type-product","3":"status-publish","4":"has-post-thumbnail","6":"pwb-brand-tommatech","7":"product_cat-bag-bahce-hazir-paket","8":"product_cat-paket-sistemler","9":"product_cat-suruculer","10":"product_cat-tarimsal-sulama-sistemleri","11":"product_tag-5hp-1kw-1faz-230v-pompa-icin-sulama-paketi","12":"product_tag-tommatech-1","14":"first","15":"instock","16":"shipping-taxable","17":"product-type-simple"},"jetpack_sharing_enabled":true,"brands":[{"id":518,"name":"Tommatech","slug":"tommatech"}],"_links":{"self":[{"href":"https:\/\/ynrsolar.shop\/index.php\/wp-json\/wp\/v2\/product\/35355","targetHints":{"allow":["GET"]}}],"collection":[{"href":"https:\/\/ynrsolar.shop\/index.php\/wp-json\/wp\/v2\/product"}],"about":[{"href":"https:\/\/ynrsolar.shop\/index.php\/wp-json\/wp\/v2\/types\/product"}],"version-history":[{"count":1,"href":"https:\/\/ynrsolar.shop\/index.php\/wp-json\/wp\/v2\/product\/35355\/revisions"}],"predecessor-version":[{"id":35396,"href":"https:\/\/ynrsolar.shop\/index.php\/wp-json\/wp\/v2\/product\/35355\/revisions\/35396"}],"wp:featuredmedia":[{"embeddable":true,"href":"https:\/\/ynrsolar.shop\/index.php\/wp-json\/wp\/v2\/media\/35395"}],"wp:attachment":[{"href":"https:\/\/ynrsolar.shop\/index.php\/wp-json\/wp\/v2\/media?parent=35355"}],"wp:term":[{"taxonomy":"pwb-brand","embeddable":true,"href":"https:\/\/ynrsolar.shop\/index.php\/wp-json\/wp\/v2\/pwb-brand?post=35355"},{"taxonomy":"product_brand","embeddable":true,"href":"https:\/\/ynrsolar.shop\/index.php\/wp-json\/wp\/v2\/product_brand?post=35355"},{"taxonomy":"product_cat","embeddable":true,"href":"https:\/\/ynrsolar.shop\/index.php\/wp-json\/wp\/v2\/product_cat?post=35355"},{"taxonomy":"product_tag","embeddable":true,"href":"https:\/\/ynrsolar.shop\/index.php\/wp-json\/wp\/v2\/product_tag?post=35355"}],"curies":[{"name":"wp","href":"https:\/\/api.w.org\/{rel}","templated":true}]}}