{"id":35271,"date":"2025-04-14T14:11:22","date_gmt":"2025-04-14T11:11:22","guid":{"rendered":"https:\/\/ynrsolar.shop\/?post_type=product&#038;p=35271"},"modified":"2025-06-09T19:06:44","modified_gmt":"2025-06-09T16:06:44","slug":"eco-5kva-pwm-5000w-gunes-enerjisi-solar-paketi-jel-akulu","status":"publish","type":"product","link":"https:\/\/ynrsolar.shop\/index.php\/urun\/eco-5kva-pwm-5000w-gunes-enerjisi-solar-paketi-jel-akulu\/","title":{"rendered":"Eco 5Kva Pwm 5000W G\u00fcne\u015f enerjisi Solar Paketi Jel Ak\u00fcl\u00fc"},"content":{"rendered":"<p>Ynr Solar 5Kva Pwm (5000W) G\u00fcne\u015f enerjisi Paketi Lityum Ak\u00fcl\u00fc<\/p>\n<p>48V \/ 5Kw Ak\u0131ll\u0131 \u0130nverter Pwm (\u015eebeke, Jenarat\u00f6r Destekli) (1 Adet)<br \/>\n285W PoliKristal G\u00fcne\u015f Paneli (6 Adet)<br \/>\n12V\/100A Jel Ak\u00fc Derin D\u00f6ng\u00fc (4 Adet)<br \/>\n6mm Solar Dc Kablo K\u0131rm\u0131z\u0131 (5 Metre)<br \/>\n6mm Solar Dc Kablo Siyah (5 Metre)<br \/>\nMc4 Konnekt\u00f6r (1 Adet) Kablo U\u00e7lar\u0131na Tak\u0131l\u0131<br \/>\nAk\u00fcler Aras\u0131 Seri Ba\u011flant\u0131 Kablosu (1 Adet)<br \/>\nAk\u00fc \u015earj Kontrol Aras\u0131 Kablo (1,5 Metre)<br \/>\n3&#8217;L\u00fc Brunch Paralel Ba\u011flant\u0131 Konnekt\u00f6r (1 Adet)<br \/>\nPaneller Aras\u0131 Uzatma Kablo (4 Adet)<br \/>\n\u0130nverter &amp; Ak\u00fc Aras\u0131 Dc Sigorta Set (100A)<br \/>\n\u0130nverter &amp; G\u00fcne\u015f Paneli Dc Sigorta Set (25A)<\/p>\n<p>(Sigorta Seti Takmadan Sisteminizi \u00c7al\u0131\u015ft\u0131rmay\u0131n\u0131z)<\/p>\n<p>Bu Paket ile Hangi Cihaz Ne Kadar \u00c7al\u0131\u015f\u0131r?<\/p>\n<p>&#8211; Orta Boy Buzdolab\u0131 (1 adet A++ Enerji S\u0131n\u0131f\u0131 24 Saat)<br \/>\n&#8211; \u00c7ama\u015f\u0131r Makinesi (1 Adet Haftada 1 G\u00fcn)<br \/>\n&#8211; Diz\u00fcst\u00fc Bilgisayar (\u00c7evre Birimleri Hari\u00e7 12 G\u00fcn)<br \/>\n&#8211; Televizyon (1 Adet 150 Ekran LDC LED 4 Saat)<br \/>\n&#8211; 11W Tasarruf Lambas\u0131 (LED Lambas\u0131 4 Adet 12 Saat Tasaruf Lambas\u0131 8 Adet 12 Saat)<br \/>\n&#8211; Cep Telefonu \u015earj\u0131 \/ Oyuncak \u015earj\u0131 \/ MP3, Radyo Player \u015earj\u0131 (4\u2019er Adet S\u0131n\u0131rs\u0131z S\u00fcreyle)<\/p>\n<p>Not: Yukar\u0131da belirtilen kullan\u0131m s\u00fcreleri ve \u00fcretim de\u011ferleri, T\u00fcrkiye\u2019nin ortalama g\u00fcne\u015flenme s\u00fcresi (g\u00fcnl\u00fck 4 saat) \u00fczerinden hesaplanm\u0131\u015ft\u0131r. \u00dcretilen enerji ve t\u00fcketim s\u00fcreleri hava durumlar\u0131na ve b\u00f6lgelere g\u00f6re de\u011fi\u015fkenlik g\u00f6sterebilir.<\/p>\n<p>Kolay Kurulum: Kullan\u0131ma haz\u0131r paket, basit montaj ve kurulum ile h\u0131zl\u0131ca kullan\u0131ma ba\u015flanabilir.<br \/>\nY\u00fcksek Performans: \u00dcst\u00fcn kaliteli bile\u015fenler ile maksimum enerji verimlili\u011fi sa\u011flar.<br \/>\nDayan\u0131kl\u0131 ve G\u00fcvenilir: Jel ak\u00fcler ve kaliteli inverter ile uzun \u00f6m\u00fcrl\u00fc ve g\u00fcvenli enerji depolama.<br \/>\n\u00c7evre Dostu: Yenilenebilir enerji kullanarak \u00e7evreyi korur ve enerji tasarrufu sa\u011flar.<\/p>\n<p>\u00dcr\u00fcnler Stok Durumuna G\u00f6re Farkl\u0131l\u0131k G\u00f6sterebilir.<br \/>\nMontaj Hizmeti Bulunmaktad\u0131r (Fiyata Dahil De\u011fildir) Randevu \u0130le Yap\u0131lmaktad\u0131r.<\/p>\n","protected":false},"excerpt":{"rendered":"<p>Ynr Solar 5Kva Pwm (5000W) G\u00fcne\u015f enerjisi Paketi Lityum Ak\u00fcl\u00fc 48V \/ 5Kw Ak\u0131ll\u0131 \u0130nverter Pwm (\u015eebeke, Jenarat\u00f6r Destekli) (1<\/p>\n","protected":false},"featured_media":35322,"template":"","meta":[],"pwb-brand":[],"product_brand":[],"product_cat":[2086,2080,2081,2023],"product_tag":[2110],"class_list":{"0":"post-35271","1":"product","2":"type-product","3":"status-publish","4":"has-post-thumbnail","6":"product_cat-bag-bahce-hazir-paket","7":"product_cat-konteyner-paket-sistemler","8":"product_cat-off-grid-hazir-paket","9":"product_cat-paket-sistemler","10":"product_tag-eco-5kva-pwm-5000w-gunes-enerjisi-solar-paketi-jel-akulu","12":"first","13":"instock","14":"shipping-taxable","15":"product-type-simple"},"jetpack_sharing_enabled":true,"brands":[],"_links":{"self":[{"href":"https:\/\/ynrsolar.shop\/index.php\/wp-json\/wp\/v2\/product\/35271","targetHints":{"allow":["GET"]}}],"collection":[{"href":"https:\/\/ynrsolar.shop\/index.php\/wp-json\/wp\/v2\/product"}],"about":[{"href":"https:\/\/ynrsolar.shop\/index.php\/wp-json\/wp\/v2\/types\/product"}],"version-history":[{"count":1,"href":"https:\/\/ynrsolar.shop\/index.php\/wp-json\/wp\/v2\/product\/35271\/revisions"}],"predecessor-version":[{"id":35324,"href":"https:\/\/ynrsolar.shop\/index.php\/wp-json\/wp\/v2\/product\/35271\/revisions\/35324"}],"wp:featuredmedia":[{"embeddable":true,"href":"https:\/\/ynrsolar.shop\/index.php\/wp-json\/wp\/v2\/media\/35322"}],"wp:attachment":[{"href":"https:\/\/ynrsolar.shop\/index.php\/wp-json\/wp\/v2\/media?parent=35271"}],"wp:term":[{"taxonomy":"pwb-brand","embeddable":true,"href":"https:\/\/ynrsolar.shop\/index.php\/wp-json\/wp\/v2\/pwb-brand?post=35271"},{"taxonomy":"product_brand","embeddable":true,"href":"https:\/\/ynrsolar.shop\/index.php\/wp-json\/wp\/v2\/product_brand?post=35271"},{"taxonomy":"product_cat","embeddable":true,"href":"https:\/\/ynrsolar.shop\/index.php\/wp-json\/wp\/v2\/product_cat?post=35271"},{"taxonomy":"product_tag","embeddable":true,"href":"https:\/\/ynrsolar.shop\/index.php\/wp-json\/wp\/v2\/product_tag?post=35271"}],"curies":[{"name":"wp","href":"https:\/\/api.w.org\/{rel}","templated":true}]}}