{"id":35211,"date":"2025-04-14T14:10:53","date_gmt":"2025-04-14T11:10:53","guid":{"rendered":"https:\/\/ynrsolar.shop\/?post_type=product&#038;p=35211"},"modified":"2025-06-09T19:08:41","modified_gmt":"2025-06-09T16:08:41","slug":"3kw-3000w-karavan-bag-bahce-sistemi-jel-akulu","status":"publish","type":"product","link":"https:\/\/ynrsolar.shop\/index.php\/urun\/3kw-3000w-karavan-bag-bahce-sistemi-jel-akulu\/","title":{"rendered":"3Kw 3000W Karavan Ba\u011f Bah\u00e7e Sistemi Jel Ak\u00fcl\u00fc"},"content":{"rendered":"<div id=\"tab-description\" class=\"mf-Tabs-panel mf-Tabs-panel--description panel entry-content\" role=\"tabpanel\" aria-labelledby=\"tab-title-description\">\n<div class=\"tab-content-wrapper\">\n<p>Ak\u0131ll\u0131 3Kw 3000W Karavan &amp; Ba\u011f Bah\u00e7e Sistemi Jel Ak\u00fcl\u00fc<\/p>\n<p>550W Half-Cut MonoKristal G\u00fcne\u015f Paneli (2 Adet)<br \/>\n12V\/150A Jel Ak\u00fc Derin D\u00f6ng\u00fc (2 Adet)<br \/>\n24v\/3Kw Ak\u0131ll\u0131 \u0130nverter (\u015eebeke, Jenarat\u00f6r Destekli) (1 Adet)<br \/>\n6mm Solar Dc Kablo K\u0131rm\u0131z\u0131 (5 Metre)<br \/>\n6mm Solar Dc Kablo Siyah (5 Metre)<br \/>\nMc4 Konnekt\u00f6r (1 Adet) Kablo U\u00e7lar\u0131na Tak\u0131l\u0131<br \/>\n2\u2019li Y Brunch Konnekt\u00f6r (1 Adet)<br \/>\nPanel Montaj Aparat\u0131 6 K\u00f6\u015fe Plastik (2 Set)<br \/>\nAk\u00fcler Aras\u0131 Ba\u011flant\u0131 Kablosu (2 Adet)<br \/>\nAk\u00fc \u015earj Kontrol Aras\u0131 Kablo (1,5 Metre)<\/p>\n<p>Neler \u00c7al\u0131\u015ft\u0131r\u0131r :<\/p>\n<p>Orta Boy buzdolab\u0131 (T\u00fcm G\u00fcn)<br \/>\nTelevizyon-Uydu Al\u0131c\u0131s\u0131 (G\u00fcnde 5 Saat)<br \/>\nLaptop\u00a0(G\u00fcnde 5 Saat)<br \/>\nAyd\u0131nlatma\u00a0(25W*5 Lamba* G\u00fcnde 8 Saat)<br \/>\nTelefon \u015earj\u0131\u00a0(S\u0131n\u0131rs\u0131z)<\/p>\n<p>Not:\u00a0Yukar\u0131da belirtilen kullan\u0131m s\u00fcreleri ve \u00fcretim de\u011ferleri, T\u00fcrkiye\u2019nin ortalama g\u00fcne\u015flenme s\u00fcresi (g\u00fcnl\u00fck 4 saat) \u00fczerinden hesaplanm\u0131\u015ft\u0131r. \u00dcretilen enerji ve t\u00fcketim s\u00fcreleri hava durumlar\u0131na ve b\u00f6lgelere g\u00f6re de\u011fi\u015fkenlik g\u00f6sterebilir.<\/p>\n<p>Kolay Kurulum:\u00a0Kullan\u0131ma haz\u0131r paket, basit montaj ve kurulum ile h\u0131zl\u0131ca kullan\u0131ma ba\u015flanabilir.<br \/>\nY\u00fcksek Performans:\u00a0\u00dcst\u00fcn kaliteli bile\u015fenler ile maksimum enerji verimlili\u011fi sa\u011flar.<br \/>\nDayan\u0131kl\u0131 ve G\u00fcvenilir:\u00a0Jel ak\u00fcler ve kaliteli inverter ile uzun \u00f6m\u00fcrl\u00fc ve g\u00fcvenli enerji depolama.<br \/>\n\u00c7evre Dostu:\u00a0Yenilenebilir enerji kullanarak \u00e7evreyi korur ve enerji tasarrufu sa\u011flar.<\/p>\n<p>\u00dcr\u00fcnler Stok Durumuna G\u00f6re Farkl\u0131l\u0131k G\u00f6sterebilir.<br \/>\nMontaj Hizmeti Bulunmaktad\u0131r (Fiyata Dahil De\u011fildir) Randevu \u0130le Yap\u0131lmaktad\u0131r.<\/p>\n<p>&nbsp;<\/p>\n<p>Ynr Solar G\u00fcne\u015f Enerjisi Sistemleri \u00dczerine Arad\u0131\u011f\u0131n\u0131z Her \u015fey Tek Bir Adres&#8217; te<\/p>\n<p>Paket Tasarlamak veya \u00dcr\u00fcnlerde De\u011fi\u015fiklik Yapmak i\u00e7in Bizlere Ula\u015fabilirsiniz.<\/p>\n<p>Enerjinizi Do\u011fa Dostu \u00dcr\u00fcnler ile G\u00fcne\u015f&#8217; ten Gelen Enerji ile Kar\u015f\u0131layabilirsiniz.<\/p>\n<\/div>\n<\/div>\n<p id=\"tab-reviews\" class=\"mf-Tabs-panel mf-Tabs-panel--reviews panel entry-content\" role=\"tabpanel\" aria-labelledby=\"tab-title-reviews\">\n","protected":false},"excerpt":{"rendered":"<p>Ak\u0131ll\u0131 3Kw 3000W Karavan &amp; Ba\u011f Bah\u00e7e Sistemi Jel Ak\u00fcl\u00fc 550W Half-Cut MonoKristal G\u00fcne\u015f Paneli (2 Adet) 12V\/150A Jel Ak\u00fc<\/p>\n","protected":false},"featured_media":35287,"template":"","meta":[],"pwb-brand":[],"product_brand":[],"product_cat":[2091,2023],"product_tag":[2092],"class_list":{"0":"post-35211","1":"product","2":"type-product","3":"status-publish","4":"has-post-thumbnail","6":"product_cat-karavan-hazir-paket","7":"product_cat-paket-sistemler","8":"product_tag-3kw-3000w-karavan-bag-bahce-sistemi-jel-akulu","10":"first","11":"instock","12":"shipping-taxable","13":"product-type-simple"},"jetpack_sharing_enabled":true,"brands":[],"_links":{"self":[{"href":"https:\/\/ynrsolar.shop\/index.php\/wp-json\/wp\/v2\/product\/35211","targetHints":{"allow":["GET"]}}],"collection":[{"href":"https:\/\/ynrsolar.shop\/index.php\/wp-json\/wp\/v2\/product"}],"about":[{"href":"https:\/\/ynrsolar.shop\/index.php\/wp-json\/wp\/v2\/types\/product"}],"version-history":[{"count":1,"href":"https:\/\/ynrsolar.shop\/index.php\/wp-json\/wp\/v2\/product\/35211\/revisions"}],"predecessor-version":[{"id":35288,"href":"https:\/\/ynrsolar.shop\/index.php\/wp-json\/wp\/v2\/product\/35211\/revisions\/35288"}],"wp:featuredmedia":[{"embeddable":true,"href":"https:\/\/ynrsolar.shop\/index.php\/wp-json\/wp\/v2\/media\/35287"}],"wp:attachment":[{"href":"https:\/\/ynrsolar.shop\/index.php\/wp-json\/wp\/v2\/media?parent=35211"}],"wp:term":[{"taxonomy":"pwb-brand","embeddable":true,"href":"https:\/\/ynrsolar.shop\/index.php\/wp-json\/wp\/v2\/pwb-brand?post=35211"},{"taxonomy":"product_brand","embeddable":true,"href":"https:\/\/ynrsolar.shop\/index.php\/wp-json\/wp\/v2\/product_brand?post=35211"},{"taxonomy":"product_cat","embeddable":true,"href":"https:\/\/ynrsolar.shop\/index.php\/wp-json\/wp\/v2\/product_cat?post=35211"},{"taxonomy":"product_tag","embeddable":true,"href":"https:\/\/ynrsolar.shop\/index.php\/wp-json\/wp\/v2\/product_tag?post=35211"}],"curies":[{"name":"wp","href":"https:\/\/api.w.org\/{rel}","templated":true}]}}