{"id":34939,"date":"2025-04-14T14:08:58","date_gmt":"2025-04-14T11:08:58","guid":{"rendered":"https:\/\/ynrsolar.shop\/?post_type=product&#038;p=34939"},"modified":"2025-06-09T19:32:30","modified_gmt":"2025-06-09T16:32:30","slug":"exelon-12v-3000w-tam-sinus-inverter","status":"publish","type":"product","link":"https:\/\/ynrsolar.shop\/index.php\/urun\/exelon-12v-3000w-tam-sinus-inverter\/","title":{"rendered":"Exelon 12V 3000W Tam Sin\u00fcs \u0130nverter"},"content":{"rendered":"<p>Tam Sin\u00fcs \u0130nverterler temiz ve istikrarl\u0131 g\u00fc\u00e7 sa\u011flamak \u00fczere tasarlanm\u0131\u015ft\u0131r ve bu da onu hassas elektronik cihazlar ve cihazlar i\u00e7in ideal hale getirir. \u00dcst\u00fcn performans\u0131 ve g\u00fcvenlik \u00f6zellikleri, onu hem konut hem de ticari uygulamalar i\u00e7in y\u00fcksek kaliteli g\u00fcc\u00fcn \u00f6nemli oldu\u011fu m\u00fckemmel bir se\u00e7im haline getirir.<br \/>\n<strong>De\u011fi\u015ftirilmi\u015f Sin\u00fcs Dalgas\u0131<\/strong><br \/>\nBir\u00e7ok elektronik cihaz ve alet t\u00fcr\u00fc i\u00e7in uygun olan modifiye edilmi\u015f bir sin\u00fcs dalgas\u0131 \u00e7\u0131k\u0131\u015f\u0131 \u00fcretir. Bu tip invert\u00f6r, daha az hassas ekipmanlar i\u00e7in uygun maliyetli bir \u00e7\u00f6z\u00fcmd\u00fcr<\/p>\n<p><strong>%200 Tepe G\u00fcc\u00fc<\/strong><br \/>\nNominal kapasitesinin %200\u2019\u00fcne kadar olan tepe g\u00fc\u00e7 y\u00fcklerini idare edebilme kapasitesiyle, ba\u015flatma ve y\u00fcksek talep d\u00f6nemlerinde g\u00fcvenilir performans sa\u011flar. Bu, daha y\u00fcksek bir ilk g\u00fc\u00e7 dalgalanmas\u0131 gerektiren cihazlar i\u00e7in uygun hale getirir.<br \/>\n<strong>A\u00e7ma-Kapama Anahtar\u0131<\/strong><br \/>\nKolay kullan\u0131m i\u00e7in kullan\u0131\u015fl\u0131 bir a\u00e7ma-kapama d\u00fc\u011fmesine sahiptir ve kullan\u0131c\u0131lar\u0131n ihtiya\u00e7 duyduklar\u0131nda g\u00fc\u00e7 \u00e7\u0131k\u0131\u015f\u0131n\u0131 h\u0131zl\u0131 bir \u015fekilde kontrol etmelerini sa\u011flar.<br \/>\n<strong>Termostatik Y\u00fck Kontrol\u00fc<\/strong><br \/>\nY\u00fcke ba\u011fl\u0131 olarak g\u00fc\u00e7 \u00e7\u0131k\u0131\u015f\u0131n\u0131 otomatik olarak ayarlayan termostatik y\u00fck kontrol\u00fc i\u00e7erir, bu sayede verimlilik artar ve invert\u00f6r\u00fcn a\u015f\u0131r\u0131 \u0131s\u0131nmas\u0131 \u00f6nlenir.<br \/>\n<strong>Otomatik Koruma<\/strong><br \/>\nDahili koruma mekanizmalar\u0131 a\u015f\u0131r\u0131 y\u00fck, k\u0131sa devre ve a\u015f\u0131r\u0131 s\u0131cakl\u0131k ko\u015fullar\u0131na kar\u015f\u0131 koruma sa\u011flayarak g\u00fcvenli ve g\u00fcvenilir bir \u00e7al\u0131\u015fma sa\u011flar.<\/p>\n","protected":false},"excerpt":{"rendered":"<p>Tam Sin\u00fcs \u0130nverterler temiz ve istikrarl\u0131 g\u00fc\u00e7 sa\u011flamak \u00fczere tasarlanm\u0131\u015ft\u0131r ve bu da onu hassas elektronik cihazlar ve cihazlar i\u00e7in<\/p>\n","protected":false},"featured_media":35017,"template":"","meta":[],"pwb-brand":[250],"product_brand":[],"product_cat":[1987,1994],"product_tag":[2052],"class_list":{"0":"post-34939","1":"product","2":"type-product","3":"status-publish","4":"has-post-thumbnail","6":"pwb-brand-exelon","7":"product_cat-inverterler","8":"product_cat-tam-sinus-inverter","9":"product_tag-exelon-12v-3000w-tam-sinus-inverter","11":"first","12":"instock","13":"product-type-simple"},"jetpack_sharing_enabled":true,"brands":[{"id":250,"name":"Exelon","slug":"exelon"}],"_links":{"self":[{"href":"https:\/\/ynrsolar.shop\/index.php\/wp-json\/wp\/v2\/product\/34939","targetHints":{"allow":["GET"]}}],"collection":[{"href":"https:\/\/ynrsolar.shop\/index.php\/wp-json\/wp\/v2\/product"}],"about":[{"href":"https:\/\/ynrsolar.shop\/index.php\/wp-json\/wp\/v2\/types\/product"}],"version-history":[{"count":1,"href":"https:\/\/ynrsolar.shop\/index.php\/wp-json\/wp\/v2\/product\/34939\/revisions"}],"predecessor-version":[{"id":35018,"href":"https:\/\/ynrsolar.shop\/index.php\/wp-json\/wp\/v2\/product\/34939\/revisions\/35018"}],"wp:featuredmedia":[{"embeddable":true,"href":"https:\/\/ynrsolar.shop\/index.php\/wp-json\/wp\/v2\/media\/35017"}],"wp:attachment":[{"href":"https:\/\/ynrsolar.shop\/index.php\/wp-json\/wp\/v2\/media?parent=34939"}],"wp:term":[{"taxonomy":"pwb-brand","embeddable":true,"href":"https:\/\/ynrsolar.shop\/index.php\/wp-json\/wp\/v2\/pwb-brand?post=34939"},{"taxonomy":"product_brand","embeddable":true,"href":"https:\/\/ynrsolar.shop\/index.php\/wp-json\/wp\/v2\/product_brand?post=34939"},{"taxonomy":"product_cat","embeddable":true,"href":"https:\/\/ynrsolar.shop\/index.php\/wp-json\/wp\/v2\/product_cat?post=34939"},{"taxonomy":"product_tag","embeddable":true,"href":"https:\/\/ynrsolar.shop\/index.php\/wp-json\/wp\/v2\/product_tag?post=34939"}],"curies":[{"name":"wp","href":"https:\/\/api.w.org\/{rel}","templated":true}]}}