{"id":34938,"date":"2025-04-14T14:08:58","date_gmt":"2025-04-14T11:08:58","guid":{"rendered":"https:\/\/ynrsolar.shop\/?post_type=product&#038;p=34938"},"modified":"2025-06-09T19:32:45","modified_gmt":"2025-06-09T16:32:45","slug":"exelon-12v-2000w-modifiye-sinus-inverter","status":"publish","type":"product","link":"https:\/\/ynrsolar.shop\/index.php\/urun\/exelon-12v-2000w-modifiye-sinus-inverter\/","title":{"rendered":"Exelon 12V 2000W Modifiye Sin\u00fcs \u0130nverter"},"content":{"rendered":"<p>EXELON MOD\u0130F\u0130YE S\u0130N\u00dcS \u0130NVERT\u00d6R\u00dc<\/p>\n<p>Tek Fazl\u0131 \u0130nvert\u00f6r<\/p>\n<p>De\u011fi\u015ftirilmi\u015f sin\u00fcs dalgas\u0131 \u00e7\u0131k\u0131\u015f\u0131 (THD&lt;%3);<\/p>\n<p>Ger\u00e7ek y\u00fckleme g\u00fcc\u00fcn\u00fcn 2 kat\u0131na kadar y\u00fcksek dalgalanma g\u00fcc\u00fc;<\/p>\n<p>10 saniye boyunca 1,5 kat nominal g\u00fc\u00e7, 2 saniye boyunca 2 kez y\u00fckleniyor;<\/p>\n<p>%92\u2019ye varan y\u00fcksek verimlilik;<\/p>\n<p>G\u00fc\u00e7 A\u00c7IK-KAPALI anahtar\u0131;<\/p>\n<p>\u00c7al\u0131\u015fma durumu i\u00e7in \u00f6n panel g\u00f6stergesi;<\/p>\n<p>Termostatik ve y\u00fck kontroll\u00fc so\u011futma fan\u0131;<\/p>\n<p>Korumalar: d\u00fc\u015f\u00fck alarm\/bat. d\u00fc\u015f\u00fck kapanma<\/p>\n<p>A\u015f\u0131r\u0131 kapatma\/\u00e7\u0131k\u0131\u015f k\u0131sa\/a\u015f\u0131r\u0131 y\u00fck\/a\u015f\u0131r\u0131 S\u0131cakl\u0131k.<\/p>\n","protected":false},"excerpt":{"rendered":"<p>EXELON MOD\u0130F\u0130YE S\u0130N\u00dcS \u0130NVERT\u00d6R\u00dc Tek Fazl\u0131 \u0130nvert\u00f6r De\u011fi\u015ftirilmi\u015f sin\u00fcs dalgas\u0131 \u00e7\u0131k\u0131\u015f\u0131 (THD&lt;%3); Ger\u00e7ek y\u00fckleme g\u00fcc\u00fcn\u00fcn 2 kat\u0131na kadar y\u00fcksek dalgalanma<\/p>\n","protected":false},"featured_media":35015,"template":"","meta":[],"pwb-brand":[250],"product_brand":[],"product_cat":[1987,1992],"product_tag":[2051],"class_list":{"0":"post-34938","1":"product","2":"type-product","3":"status-publish","4":"has-post-thumbnail","6":"pwb-brand-exelon","7":"product_cat-inverterler","8":"product_cat-modifiye-sinus-inverterler","9":"product_tag-exelon-12v-2000w-modifiye-sinus-inverter","11":"first","12":"instock","13":"product-type-simple"},"jetpack_sharing_enabled":true,"brands":[{"id":250,"name":"Exelon","slug":"exelon"}],"_links":{"self":[{"href":"https:\/\/ynrsolar.shop\/index.php\/wp-json\/wp\/v2\/product\/34938","targetHints":{"allow":["GET"]}}],"collection":[{"href":"https:\/\/ynrsolar.shop\/index.php\/wp-json\/wp\/v2\/product"}],"about":[{"href":"https:\/\/ynrsolar.shop\/index.php\/wp-json\/wp\/v2\/types\/product"}],"version-history":[{"count":1,"href":"https:\/\/ynrsolar.shop\/index.php\/wp-json\/wp\/v2\/product\/34938\/revisions"}],"predecessor-version":[{"id":35016,"href":"https:\/\/ynrsolar.shop\/index.php\/wp-json\/wp\/v2\/product\/34938\/revisions\/35016"}],"wp:featuredmedia":[{"embeddable":true,"href":"https:\/\/ynrsolar.shop\/index.php\/wp-json\/wp\/v2\/media\/35015"}],"wp:attachment":[{"href":"https:\/\/ynrsolar.shop\/index.php\/wp-json\/wp\/v2\/media?parent=34938"}],"wp:term":[{"taxonomy":"pwb-brand","embeddable":true,"href":"https:\/\/ynrsolar.shop\/index.php\/wp-json\/wp\/v2\/pwb-brand?post=34938"},{"taxonomy":"product_brand","embeddable":true,"href":"https:\/\/ynrsolar.shop\/index.php\/wp-json\/wp\/v2\/product_brand?post=34938"},{"taxonomy":"product_cat","embeddable":true,"href":"https:\/\/ynrsolar.shop\/index.php\/wp-json\/wp\/v2\/product_cat?post=34938"},{"taxonomy":"product_tag","embeddable":true,"href":"https:\/\/ynrsolar.shop\/index.php\/wp-json\/wp\/v2\/product_tag?post=34938"}],"curies":[{"name":"wp","href":"https:\/\/api.w.org\/{rel}","templated":true}]}}