{"id":34846,"date":"2025-04-14T14:08:28","date_gmt":"2025-04-14T11:08:28","guid":{"rendered":"https:\/\/ynrsolar.shop\/?post_type=product&#038;p=34846"},"modified":"2025-06-09T19:39:33","modified_gmt":"2025-06-09T16:39:33","slug":"outdo-256v-100ah-lityum-aku-lifepo4","status":"publish","type":"product","link":"https:\/\/ynrsolar.shop\/index.php\/urun\/outdo-256v-100ah-lityum-aku-lifepo4\/","title":{"rendered":"OUTDO 25,6V 100Ah Lityum Ak\u00fc Lifepo4"},"content":{"rendered":"<p>Dijital Ekran Ak\u0131ll\u0131 Depolama<\/p>\n<p>Lityum Batarya<\/p>\n<p>1.Ak\u00fc durumunu ger\u00e7ek zamanl\u0131 olarak izleyebilece\u011finiz, pil anormalli\u011fi durumunda otomatik olarak uyar\u0131 veren ekran,<br \/>\n2. LiFePO4 h\u00fccrelerin getirdi\u011fi avantajlar: \u00c7evre dostu \u00f6zellikler, Uzun servis \u00f6mr\u00fc, derin de\u015farj, hafiflik, y\u00fcksek g\u00fcvenlik.<br \/>\n3. IP66 koruma standard\u0131na sahip olan ak\u00fc y\u00fcksek su ge\u00e7irmez tasar\u0131m zorlu ortamlarda kullan\u0131ma uygundur.<br \/>\n4. Kullan\u0131m\u0131 ve bak\u0131m\u0131 kolayd\u0131r &#8211; herhangi bir y\u00f6ne monte edilebilir, bak\u0131m gerektirmez.<\/p>\n<p>Son derece su ge\u00e7irmez tasar\u0131ma sahip pil, IP66 standartlar\u0131n\u0131 kar\u015f\u0131lar.\u00a0Pil ekran\u0131nda voltaj g\u00f6r\u00fcnt\u00fcleme ve g\u00fcn g\u00f6sterimi i\u00e7in\u00a0iki aray\u00fcz\u00a0bulunur ve her ikisi de PUSH d\u00fc\u011fmesine\u00a0dokunarak de\u011fi\u015ftirilebilir.\u00a0Pil, ilk etkinle\u015ftirildi\u011finde\u00a0kullan\u0131lan\u00a0pili otomatik olarak\u00a0kaydeder.<\/p>\n","protected":false},"excerpt":{"rendered":"<p>Dijital Ekran Ak\u0131ll\u0131 Depolama Lityum Batarya 1.Ak\u00fc durumunu ger\u00e7ek zamanl\u0131 olarak izleyebilece\u011finiz, pil anormalli\u011fi durumunda otomatik olarak uyar\u0131 veren ekran,<\/p>\n","protected":false},"featured_media":34889,"template":"","meta":[],"pwb-brand":[314],"product_brand":[],"product_cat":[124,2003],"product_tag":[2044,2045],"class_list":{"0":"post-34846","1":"product","2":"type-product","3":"status-publish","4":"has-post-thumbnail","6":"pwb-brand-outdo","7":"product_cat-akuler","8":"product_cat-lityum-akuler","9":"product_tag-6v-100ah-lityum-aku-lifepo4","10":"product_tag-outdo-25","12":"first","13":"instock","14":"product-type-simple"},"jetpack_sharing_enabled":true,"brands":[{"id":314,"name":"Outdo","slug":"outdo"}],"_links":{"self":[{"href":"https:\/\/ynrsolar.shop\/index.php\/wp-json\/wp\/v2\/product\/34846","targetHints":{"allow":["GET"]}}],"collection":[{"href":"https:\/\/ynrsolar.shop\/index.php\/wp-json\/wp\/v2\/product"}],"about":[{"href":"https:\/\/ynrsolar.shop\/index.php\/wp-json\/wp\/v2\/types\/product"}],"version-history":[{"count":1,"href":"https:\/\/ynrsolar.shop\/index.php\/wp-json\/wp\/v2\/product\/34846\/revisions"}],"predecessor-version":[{"id":34891,"href":"https:\/\/ynrsolar.shop\/index.php\/wp-json\/wp\/v2\/product\/34846\/revisions\/34891"}],"wp:featuredmedia":[{"embeddable":true,"href":"https:\/\/ynrsolar.shop\/index.php\/wp-json\/wp\/v2\/media\/34889"}],"wp:attachment":[{"href":"https:\/\/ynrsolar.shop\/index.php\/wp-json\/wp\/v2\/media?parent=34846"}],"wp:term":[{"taxonomy":"pwb-brand","embeddable":true,"href":"https:\/\/ynrsolar.shop\/index.php\/wp-json\/wp\/v2\/pwb-brand?post=34846"},{"taxonomy":"product_brand","embeddable":true,"href":"https:\/\/ynrsolar.shop\/index.php\/wp-json\/wp\/v2\/product_brand?post=34846"},{"taxonomy":"product_cat","embeddable":true,"href":"https:\/\/ynrsolar.shop\/index.php\/wp-json\/wp\/v2\/product_cat?post=34846"},{"taxonomy":"product_tag","embeddable":true,"href":"https:\/\/ynrsolar.shop\/index.php\/wp-json\/wp\/v2\/product_tag?post=34846"}],"curies":[{"name":"wp","href":"https:\/\/api.w.org\/{rel}","templated":true}]}}