{"id":34724,"date":"2025-04-14T14:07:35","date_gmt":"2025-04-14T11:07:35","guid":{"rendered":"https:\/\/ynrsolar.shop\/?post_type=product&#038;p=34724"},"modified":"2025-06-09T19:46:00","modified_gmt":"2025-06-09T16:46:00","slug":"agromot-marin-aku-12v-100ah","status":"publish","type":"product","link":"https:\/\/ynrsolar.shop\/index.php\/urun\/agromot-marin-aku-12v-100ah\/","title":{"rendered":"Agromot Marin Ak\u00fc 12V 100AH"},"content":{"rendered":"<p><strong>Constant Voltage Charge<\/strong><\/p>\n<p>Charging Voltage 14.4 \u2013 16.4 V<\/p>\n<p>Standbye Voltage 13.6 \u2013 13.8 V<\/p>\n<p>Optimal Charging Current 10 Ah<\/p>\n<p>Max. Charging Current 25 Ah<\/p>\n<p><strong>AGM Technology Maintenance Free A Void Short-Cutting Battery Terminals<\/strong><\/p>\n<p>Uzun y\u0131llar boyunca elde edilen tecr\u00fcbeler ve beklentiler sonucunda \u00fcretilen AGROMOT MAR\u0130N AGM KUR\u015eUN-CARBON Ak\u00fcler, T\u00fcrkiye\u2019de ilk Marin Re\u00e7etesine sahip olan \u00fcretim metodu ile Anl\u0131k ak\u0131m \u00e7ekme ve de\u015farj etme konusunda di\u011fer bataryalara g\u00f6re %70 e varan performans\u0131 ile bir \u00e7ok alanda kullan\u0131c\u0131lar\u0131n tercih sebebi olmu\u015ftur. \u00d6zellikle Denizcilikte kullan\u0131lan Tekne, Motoryat, Yelkenli, Gulet ve Katamaran vb. Deniz ara\u00e7lar\u0131nda uzun y\u0131llard\u0131r kullan\u0131lmaktad\u0131r.<\/p>\n","protected":false},"excerpt":{"rendered":"<p>\u2022 Marin Edition Deep Cycle Nano Carbon teknolojisiyle y\u00fcksek performans ve sorunsuz \u015farj-de\u015farj i\u00e7in \u00fcretilen Agromot\u00a0 Nano Carbon Deep Cycle Marine Battery; bak\u0131m gerektirmeden tekne, motoryat, karavan vs. gibi y\u00fcksek performans gerektiren alanlar i\u00e7in uygun tasarlanm\u0131\u015ft\u0131r.<\/p>\n","protected":false},"featured_media":34766,"template":"","meta":[],"pwb-brand":[159],"product_brand":[],"product_cat":[124,2032],"product_tag":[1590],"class_list":{"0":"post-34724","1":"product","2":"type-product","3":"status-publish","4":"has-post-thumbnail","6":"pwb-brand-agromot","7":"product_cat-akuler","8":"product_cat-marin-akuler","9":"product_tag-agromot-marin-aku-12-v-100-ah","11":"first","12":"instock","13":"product-type-simple"},"jetpack_sharing_enabled":true,"brands":[{"id":159,"name":"Agromot","slug":"agromot"}],"_links":{"self":[{"href":"https:\/\/ynrsolar.shop\/index.php\/wp-json\/wp\/v2\/product\/34724","targetHints":{"allow":["GET"]}}],"collection":[{"href":"https:\/\/ynrsolar.shop\/index.php\/wp-json\/wp\/v2\/product"}],"about":[{"href":"https:\/\/ynrsolar.shop\/index.php\/wp-json\/wp\/v2\/types\/product"}],"version-history":[{"count":1,"href":"https:\/\/ynrsolar.shop\/index.php\/wp-json\/wp\/v2\/product\/34724\/revisions"}],"predecessor-version":[{"id":34767,"href":"https:\/\/ynrsolar.shop\/index.php\/wp-json\/wp\/v2\/product\/34724\/revisions\/34767"}],"wp:featuredmedia":[{"embeddable":true,"href":"https:\/\/ynrsolar.shop\/index.php\/wp-json\/wp\/v2\/media\/34766"}],"wp:attachment":[{"href":"https:\/\/ynrsolar.shop\/index.php\/wp-json\/wp\/v2\/media?parent=34724"}],"wp:term":[{"taxonomy":"pwb-brand","embeddable":true,"href":"https:\/\/ynrsolar.shop\/index.php\/wp-json\/wp\/v2\/pwb-brand?post=34724"},{"taxonomy":"product_brand","embeddable":true,"href":"https:\/\/ynrsolar.shop\/index.php\/wp-json\/wp\/v2\/product_brand?post=34724"},{"taxonomy":"product_cat","embeddable":true,"href":"https:\/\/ynrsolar.shop\/index.php\/wp-json\/wp\/v2\/product_cat?post=34724"},{"taxonomy":"product_tag","embeddable":true,"href":"https:\/\/ynrsolar.shop\/index.php\/wp-json\/wp\/v2\/product_tag?post=34724"}],"curies":[{"name":"wp","href":"https:\/\/api.w.org\/{rel}","templated":true}]}}