{"id":34627,"date":"2025-04-14T14:07:06","date_gmt":"2025-04-14T11:07:06","guid":{"rendered":"https:\/\/ynrsolar.shop\/?post_type=product&#038;p=34627"},"modified":"2025-06-09T19:54:10","modified_gmt":"2025-06-09T16:54:10","slug":"frecon-35-kva-off-grid-akilli-inverter-wifi-dahil-ve-akusuz-calisma-ozelligi","status":"publish","type":"product","link":"https:\/\/ynrsolar.shop\/index.php\/urun\/frecon-35-kva-off-grid-akilli-inverter-wifi-dahil-ve-akusuz-calisma-ozelligi\/","title":{"rendered":"Frecon 3,5 Kva Off Grid Ak\u0131ll\u0131 \u0130nverter Wifi Dahil ve Ak\u00fcs\u00fcz \u00c7al\u0131\u015fma \u00d6zelli\u011fi"},"content":{"rendered":"<p>SP520 AK\u00dcS\u00dcZ \u00c7ALI\u015eAB\u0130LEN OFF-GR\u0130D<\/p>\n<p>\u00d6zellikleri.<\/p>\n<p>Saf sin\u00fcs solar inverter<br \/>\nAyarlanabilir \u00e7\u0131k\u0131\u015f \u00f6nceli\u011fi<br \/>\nAyarlanabilir AC\/SOLAR \u015farj \u00f6nceli\u011fi<br \/>\nMPPT Solar \u015farj kontrol dahili<br \/>\nT\u00fcm modellerinde W\u0130F\u0130 mod\u00fcl\u00fc dahili<br \/>\n%94 verimlilik ile rakiplerinde \u00f6nde<br \/>\nAk\u00fcs\u00fcz&#8217;de \u00c7ALI\u015eAB\u0130LME<br \/>\nWifi aray\u00fcz\u00fcnde T\u00dcRK\u00c7E D\u0130L SE\u00c7ENE\u011e\u0130<br \/>\n\u015eebeke yada Jenerat\u00f6r uyumlu H\u0130BR\u0130T<\/p>\n","protected":false},"excerpt":{"rendered":"<p>SP520 AK\u00dcS\u00dcZ \u00c7ALI\u015eAB\u0130LEN OFF-GR\u0130D \u00d6zellikleri. Saf sin\u00fcs solar inverter Ayarlanabilir \u00e7\u0131k\u0131\u015f \u00f6nceli\u011fi Ayarlanabilir AC\/SOLAR \u015farj \u00f6nceli\u011fi MPPT Solar \u015farj kontrol<\/p>\n","protected":false},"featured_media":34663,"template":"","meta":[],"pwb-brand":[277],"product_brand":[],"product_cat":[1990,1987,1991],"product_tag":[1559,1560],"class_list":{"0":"post-34627","1":"product","2":"type-product","3":"status-publish","4":"has-post-thumbnail","6":"pwb-brand-frecon","7":"product_cat-akilli-inverterler","8":"product_cat-inverterler","9":"product_cat-off-grid-inverterler","10":"product_tag-5kva-offgrid-akilli-inverter-wifi-dahil","11":"product_tag-frecon-sp520-3","13":"first","14":"instock","15":"product-type-simple"},"jetpack_sharing_enabled":true,"brands":[{"id":277,"name":"Frecon","slug":"frecon"}],"_links":{"self":[{"href":"https:\/\/ynrsolar.shop\/index.php\/wp-json\/wp\/v2\/product\/34627","targetHints":{"allow":["GET"]}}],"collection":[{"href":"https:\/\/ynrsolar.shop\/index.php\/wp-json\/wp\/v2\/product"}],"about":[{"href":"https:\/\/ynrsolar.shop\/index.php\/wp-json\/wp\/v2\/types\/product"}],"version-history":[{"count":1,"href":"https:\/\/ynrsolar.shop\/index.php\/wp-json\/wp\/v2\/product\/34627\/revisions"}],"predecessor-version":[{"id":34664,"href":"https:\/\/ynrsolar.shop\/index.php\/wp-json\/wp\/v2\/product\/34627\/revisions\/34664"}],"wp:featuredmedia":[{"embeddable":true,"href":"https:\/\/ynrsolar.shop\/index.php\/wp-json\/wp\/v2\/media\/34663"}],"wp:attachment":[{"href":"https:\/\/ynrsolar.shop\/index.php\/wp-json\/wp\/v2\/media?parent=34627"}],"wp:term":[{"taxonomy":"pwb-brand","embeddable":true,"href":"https:\/\/ynrsolar.shop\/index.php\/wp-json\/wp\/v2\/pwb-brand?post=34627"},{"taxonomy":"product_brand","embeddable":true,"href":"https:\/\/ynrsolar.shop\/index.php\/wp-json\/wp\/v2\/product_brand?post=34627"},{"taxonomy":"product_cat","embeddable":true,"href":"https:\/\/ynrsolar.shop\/index.php\/wp-json\/wp\/v2\/product_cat?post=34627"},{"taxonomy":"product_tag","embeddable":true,"href":"https:\/\/ynrsolar.shop\/index.php\/wp-json\/wp\/v2\/product_tag?post=34627"}],"curies":[{"name":"wp","href":"https:\/\/api.w.org\/{rel}","templated":true}]}}