{"id":34538,"date":"2025-04-14T14:06:04","date_gmt":"2025-04-14T11:06:04","guid":{"rendered":"https:\/\/ynrsolar.shop\/?post_type=product&#038;p=34538"},"modified":"2025-06-09T19:57:14","modified_gmt":"2025-06-09T16:57:14","slug":"lexron-80a-mppt-sarj-kontrol-cihazi","status":"publish","type":"product","link":"https:\/\/ynrsolar.shop\/index.php\/urun\/lexron-80a-mppt-sarj-kontrol-cihazi\/","title":{"rendered":"Lexron 80A Mppt \u015earj Kontrol Cihaz\u0131"},"content":{"rendered":"<table width=\"332\">\n<tbody>\n<tr>\n<td width=\"182\">Ak\u00fc Voltaj\u0131<\/td>\n<td width=\"150\">12\/24\/36\/48 Otomatik<\/td>\n<\/tr>\n<tr>\n<td>Maksimum Solar Giri\u015f Voltaj\u0131<\/td>\n<td>145VDC<\/td>\n<\/tr>\n<tr>\n<td>MPPT Giri\u015f Voltaj Aral\u0131\u011f\u0131<\/td>\n<td>60-130V<\/td>\n<\/tr>\n<tr>\n<td>Maksimum G\u00fc\u00e7 Giri\u015fi<\/td>\n<td>5000W<\/td>\n<\/tr>\n<tr>\n<td>Verimlilik<\/td>\n<td>99%<\/td>\n<\/tr>\n<tr>\n<td>Maksimum \u015earj Ak\u0131m\u0131<\/td>\n<td>80A<\/td>\n<\/tr>\n<tr>\n<td>Boyutlar\u0131<\/td>\n<td>152x100x294mm<\/td>\n<\/tr>\n<tr>\n<td>A\u011f\u0131rl\u0131k<\/td>\n<td>3kg<\/td>\n<\/tr>\n<tr>\n<td>\u00c7al\u0131\u015fma S\u0131cakl\u0131\u011f\u0131<\/td>\n<td>&#8220;-25 \/ +55 derece<\/td>\n<\/tr>\n<\/tbody>\n<\/table>\n","protected":false},"excerpt":{"rendered":"<p>Ak\u00fc Voltaj\u0131 12\/24\/36\/48 Otomatik Maksimum Solar Giri\u015f Voltaj\u0131 145VDC MPPT Giri\u015f Voltaj Aral\u0131\u011f\u0131 60-130V Maksimum G\u00fc\u00e7 Giri\u015fi 5000W Verimlilik 99%<\/p>\n","protected":false},"featured_media":34589,"template":"","meta":[],"pwb-brand":[294],"product_brand":[],"product_cat":[2000,1999],"product_tag":[1513],"class_list":{"0":"post-34538","1":"product","2":"type-product","3":"status-publish","4":"has-post-thumbnail","6":"pwb-brand-lexron","7":"product_cat-mppt-sarj-kontrol-cihazlari","8":"product_cat-sarj-kontrol-cihazlari","9":"product_tag-lexron-80a-mppt-sarj-kontrol-cihazi","11":"first","12":"instock","13":"product-type-simple"},"jetpack_sharing_enabled":true,"brands":[{"id":294,"name":"Lexron","slug":"lexron"}],"_links":{"self":[{"href":"https:\/\/ynrsolar.shop\/index.php\/wp-json\/wp\/v2\/product\/34538","targetHints":{"allow":["GET"]}}],"collection":[{"href":"https:\/\/ynrsolar.shop\/index.php\/wp-json\/wp\/v2\/product"}],"about":[{"href":"https:\/\/ynrsolar.shop\/index.php\/wp-json\/wp\/v2\/types\/product"}],"version-history":[{"count":1,"href":"https:\/\/ynrsolar.shop\/index.php\/wp-json\/wp\/v2\/product\/34538\/revisions"}],"predecessor-version":[{"id":34590,"href":"https:\/\/ynrsolar.shop\/index.php\/wp-json\/wp\/v2\/product\/34538\/revisions\/34590"}],"wp:featuredmedia":[{"embeddable":true,"href":"https:\/\/ynrsolar.shop\/index.php\/wp-json\/wp\/v2\/media\/34589"}],"wp:attachment":[{"href":"https:\/\/ynrsolar.shop\/index.php\/wp-json\/wp\/v2\/media?parent=34538"}],"wp:term":[{"taxonomy":"pwb-brand","embeddable":true,"href":"https:\/\/ynrsolar.shop\/index.php\/wp-json\/wp\/v2\/pwb-brand?post=34538"},{"taxonomy":"product_brand","embeddable":true,"href":"https:\/\/ynrsolar.shop\/index.php\/wp-json\/wp\/v2\/product_brand?post=34538"},{"taxonomy":"product_cat","embeddable":true,"href":"https:\/\/ynrsolar.shop\/index.php\/wp-json\/wp\/v2\/product_cat?post=34538"},{"taxonomy":"product_tag","embeddable":true,"href":"https:\/\/ynrsolar.shop\/index.php\/wp-json\/wp\/v2\/product_tag?post=34538"}],"curies":[{"name":"wp","href":"https:\/\/api.w.org\/{rel}","templated":true}]}}