{"id":34219,"date":"2025-04-14T14:03:40","date_gmt":"2025-04-14T11:03:40","guid":{"rendered":"https:\/\/ynrsolar.shop\/?post_type=product&#038;p=34219"},"modified":"2025-06-09T20:34:00","modified_gmt":"2025-06-09T17:34:00","slug":"tuncmatik-5kw-hmppt-80a-sarj-solar-offgrid-invertor","status":"publish","type":"product","link":"https:\/\/ynrsolar.shop\/index.php\/urun\/tuncmatik-5kw-hmppt-80a-sarj-solar-offgrid-invertor\/","title":{"rendered":"Tun\u00e7Matik 5kW HMPPT 80A \u015earj Solar Offgrid \u0130nvert\u00f6r"},"content":{"rendered":"<p>\u00c7\u0131k\u0131\u015f G\u00fcc\u00fc \u00c7arpan\u0131 1, Ger\u00e7ek sin\u00fcs solar offgrid invert\u00f6r<br \/>\nGeni\u015f DC giri\u015f aral\u0131\u011f\u0131, Se\u00e7ilebilir y\u00fcksek g\u00fc\u00e7l\u00fc \u015farj ak\u0131m\u0131<br \/>\nA\u015f\u0131r\u0131 y\u00fck ve k\u0131sa devre korumas\u0131<br \/>\nAk\u00fcden ba\u011f\u0131ms\u0131z tasar\u0131m<br \/>\nLCD ayar\u0131 ile ayarlanabilen \u015eebeke\/Solar giri\u015f \u00f6nceli\u011fi<br \/>\nAC \u015eebeke veya jenerat\u00f6r ile uyumlu<br \/>\nAC \u015eebeke geri geldi\u011finde otomatik devreye girme<br \/>\nEv aletleri ve bilgisayarlar i\u00e7in se\u00e7ilebilir giri\u015f voltaj\u0131 aral\u0131\u011f\u0131<br \/>\nDahili 80A MPPT G\u00fcne\u015f \u015earj \u00f6zelli\u011fi<br \/>\nAk\u00fc performans\u0131n\u0131 optimize etmek ve kullan\u0131m \u00f6mr\u00fcn\u00fc uzatmak i\u00e7in geli\u015ftirilmi\u015f pil dengeleme \u00f6zelli\u011fi<br \/>\n\u015eebeke yokken ak\u00fcden \u00e7al\u0131\u015ft\u0131rabilme (Cold Start) \u00f6zelli\u011fi<br \/>\nZorlu \u015fartlara uygun dahili toz \u00f6nleme kiti<\/p>\n","protected":false},"excerpt":{"rendered":"<p>\u00c7\u0131k\u0131\u015f G\u00fcc\u00fc \u00c7arpan\u0131 1, Ger\u00e7ek sin\u00fcs solar offgrid invert\u00f6r Geni\u015f DC giri\u015f aral\u0131\u011f\u0131, Se\u00e7ilebilir y\u00fcksek g\u00fc\u00e7l\u00fc \u015farj ak\u0131m\u0131 A\u015f\u0131r\u0131 y\u00fck<\/p>\n","protected":false},"featured_media":34255,"template":"","meta":[],"pwb-brand":[672],"product_brand":[],"product_cat":[1990,1987,1991],"product_tag":[1903],"class_list":{"0":"post-34219","1":"product","2":"type-product","3":"status-publish","4":"has-post-thumbnail","6":"pwb-brand-tuncmatik","7":"product_cat-akilli-inverterler","8":"product_cat-inverterler","9":"product_cat-off-grid-inverterler","10":"product_tag-tuncmatik-5kw-hmppt-80a-sarj-solar-offgrid-invertor","12":"first","13":"instock","14":"product-type-simple"},"jetpack_sharing_enabled":true,"brands":[{"id":672,"name":"Tun\u00e7matik","slug":"tuncmatik"}],"_links":{"self":[{"href":"https:\/\/ynrsolar.shop\/index.php\/wp-json\/wp\/v2\/product\/34219","targetHints":{"allow":["GET"]}}],"collection":[{"href":"https:\/\/ynrsolar.shop\/index.php\/wp-json\/wp\/v2\/product"}],"about":[{"href":"https:\/\/ynrsolar.shop\/index.php\/wp-json\/wp\/v2\/types\/product"}],"version-history":[{"count":1,"href":"https:\/\/ynrsolar.shop\/index.php\/wp-json\/wp\/v2\/product\/34219\/revisions"}],"predecessor-version":[{"id":34256,"href":"https:\/\/ynrsolar.shop\/index.php\/wp-json\/wp\/v2\/product\/34219\/revisions\/34256"}],"wp:featuredmedia":[{"embeddable":true,"href":"https:\/\/ynrsolar.shop\/index.php\/wp-json\/wp\/v2\/media\/34255"}],"wp:attachment":[{"href":"https:\/\/ynrsolar.shop\/index.php\/wp-json\/wp\/v2\/media?parent=34219"}],"wp:term":[{"taxonomy":"pwb-brand","embeddable":true,"href":"https:\/\/ynrsolar.shop\/index.php\/wp-json\/wp\/v2\/pwb-brand?post=34219"},{"taxonomy":"product_brand","embeddable":true,"href":"https:\/\/ynrsolar.shop\/index.php\/wp-json\/wp\/v2\/product_brand?post=34219"},{"taxonomy":"product_cat","embeddable":true,"href":"https:\/\/ynrsolar.shop\/index.php\/wp-json\/wp\/v2\/product_cat?post=34219"},{"taxonomy":"product_tag","embeddable":true,"href":"https:\/\/ynrsolar.shop\/index.php\/wp-json\/wp\/v2\/product_tag?post=34219"}],"curies":[{"name":"wp","href":"https:\/\/api.w.org\/{rel}","templated":true}]}}