{"id":34022,"date":"2025-04-14T14:02:21","date_gmt":"2025-04-14T11:02:21","guid":{"rendered":"https:\/\/ynrsolar.shop\/?post_type=product&#038;p=34022"},"modified":"2025-06-09T20:47:17","modified_gmt":"2025-06-09T17:47:17","slug":"orbus-1kw-12v-akilli-inverter-pwm","status":"publish","type":"product","link":"https:\/\/ynrsolar.shop\/index.php\/urun\/orbus-1kw-12v-akilli-inverter-pwm\/","title":{"rendered":"ORBUS 1Kw 12V Ak\u0131ll\u0131 \u0130nverter PWM"},"content":{"rendered":"<p style=\"font-weight: 200;\"><b><strong>\u00d6zellikler: \u00a01.000 VA ( 1000 watt )<\/strong><\/b><\/p>\n<p style=\"font-weight: 400;\">Saf sin\u00fcs 230VAC Nominal + -15%<\/p>\n<p style=\"font-weight: 400;\">1000VA<\/p>\n<p style=\"font-weight: 400;\">Ayarlanabilir \u00e7\u0131k\u0131\u015f voltaj\u0131<\/p>\n<p style=\"font-weight: 400;\">Giri\u015f voltaj\u0131 90-280VAC<\/p>\n<p style=\"font-weight: 400;\">50\/60Hz otomatik alg\u0131lama<\/p>\n<p style=\"font-weight: 400;\">Ayarlanabilir Solar Panel \u015farj g\u00fcc\u00fc max 50A 12Volt<\/p>\n<p style=\"font-weight: 400;\">LCD ayar\u0131 ile uygulamalar\u0131na dayal\u0131 yap\u0131land\u0131r\u0131labilir pil \u015farj ak\u0131m\u0131<\/p>\n<p style=\"font-weight: 400;\">(1AC 2Solar, 1Solar 2AC, 1Solar + AC, sadece G\u00fcne\u015f) ile yap\u0131land\u0131r\u0131labilir AC \/ Solar Charger \u00f6ncelik.<\/p>\n<p style=\"font-weight: 400;\">Giri\u015f g\u00fcc\u00fc :jenerat\u00f6r ya da \u015febeke<\/p>\n<p style=\"font-weight: 400;\">Koruma: A\u015f\u0131r\u0131 s\u0131cakl\u0131k A\u015f\u0131r\u0131 y\u00fck, k\u0131sa devre,<\/p>\n<p style=\"font-weight: 400;\">\u00c7\u0131k\u0131\u015f 230VAC \u00fczerinde devre kesici<\/p>\n<p style=\"font-weight: 400;\">Verimlilik&gt; 95%<\/p>\n<p style=\"font-weight: 400;\">Tranfer s\u00fcresi &lt;20milisegundos<\/p>\n<p style=\"font-weight: 400;\">G\u00fc\u00e7 T\u00fcketimi : 1W g\u00fc\u00e7 Beklemede<\/p>\n<p style=\"font-weight: 400;\">Boyutlar\u0131 330 * 250 * 95mm, a\u011f\u0131rl\u0131\u011f\u0131 5kg<\/p>\n<p style=\"font-weight: 400;\">Garanti 2 y\u0131l<\/p>\n<p style=\"font-weight: 400;\">Cert: CE, VDE 0126-1-1, RD 1663, G83\/1-1, AS3100\/AS4777, R\u00f6hrs<\/p>\n<p style=\"font-weight: 400;\"><b><strong>\u0130nverter &#8211; \u00c7evirici 12 volt \u00a01000 VA \/ 800 W<\/strong><\/b><\/p>\n<p style=\"font-weight: 400;\"><b><strong>12 volt 50 amper solar panelde ba\u011flanabilme \u00f6zelli\u011fi vard\u0131r.<\/strong><\/b><\/p>\n<p style=\"font-weight: 400;\"><b><strong>Ayr\u0131ca solar \u015farj kontrol cihaz\u0131da alman\u0131za gerek kalmayacak.<\/strong><\/b><\/p>\n<p style=\"font-weight: 400;\"><b><strong>\u015eebeke veya Jeneret\u00f6rden Ak\u00fcleri \u015farj edebilme \u00f6zelli\u011fide vard\u0131r.<\/strong><\/b><\/p>\n<p style=\"font-weight: 400;\"><b><strong>\u00dcr\u00fcn tam sin\u00fcs olup dijital ekrand\u0131r. Ayr\u0131ca \u015febeke veya jeneret\u00f6reden ak\u00fcleri \u015farj edbilme \u00f6zelli\u011fide mezcut olup Dijital LCD ekrand\u0131r.<\/strong><\/b><\/p>\n<p style=\"font-weight: 400;\"><b><strong>Ayn\u0131 \u00fcr\u00fcn\u00fcn &#8230;<\/strong><\/b><\/p>\n<p style=\"font-weight: 400;\"><b><strong>Uygulamalar<\/strong><\/b><br \/>\nEnd\u00fcstriyel proses kontrol, ak\u00fc \u015farj gereksinimleri, ki\u015fisel bilgisayarlar, telekom\u00fcnikasyon, grafik g\u00f6r\u00fcnt\u00fcler, kaplama<\/p>\n<p style=\"font-weight: 400;\">ve alt\u0131n kurtarma sanayi ve her yerde, ticaret, telekom\u00fcnikasyon, madencilik ya da end\u00fcstriyel pazarlarda gerekli<\/p>\n<p style=\"font-weight: 400;\">alan\u0131nda uygulan\u0131r. Ticari G\u00fcne\u015f, E\u011flence Ara\u00e7lar\u0131, Mobil Ofis, Sanayi R\u00fczgar, Tekne, Kamyon &amp; RV Konut G\u00fcne\u015f,<\/p>\n<p style=\"font-weight: 400;\">\n","protected":false},"excerpt":{"rendered":"<p>\u00d6zellikler: \u00a01.000 VA ( 1000 watt ) Saf sin\u00fcs 230VAC Nominal + -15% 1000VA Ayarlanabilir \u00e7\u0131k\u0131\u015f voltaj\u0131 Giri\u015f voltaj\u0131 90-280VAC<\/p>\n","protected":false},"featured_media":34061,"template":"","meta":[],"pwb-brand":[210],"product_brand":[],"product_cat":[1990,1987,1991],"product_tag":[1304],"class_list":{"0":"post-34022","1":"product","2":"type-product","3":"status-publish","4":"has-post-thumbnail","6":"pwb-brand-orbus","7":"product_cat-akilli-inverterler","8":"product_cat-inverterler","9":"product_cat-off-grid-inverterler","10":"product_tag-orbus-vp-1000-12-off-grid-invertor-vp1000-12","12":"first","13":"instock","14":"shipping-taxable","15":"product-type-simple"},"jetpack_sharing_enabled":true,"brands":[{"id":210,"name":"Orbus","slug":"orbus"}],"_links":{"self":[{"href":"https:\/\/ynrsolar.shop\/index.php\/wp-json\/wp\/v2\/product\/34022","targetHints":{"allow":["GET"]}}],"collection":[{"href":"https:\/\/ynrsolar.shop\/index.php\/wp-json\/wp\/v2\/product"}],"about":[{"href":"https:\/\/ynrsolar.shop\/index.php\/wp-json\/wp\/v2\/types\/product"}],"version-history":[{"count":1,"href":"https:\/\/ynrsolar.shop\/index.php\/wp-json\/wp\/v2\/product\/34022\/revisions"}],"predecessor-version":[{"id":34062,"href":"https:\/\/ynrsolar.shop\/index.php\/wp-json\/wp\/v2\/product\/34022\/revisions\/34062"}],"wp:featuredmedia":[{"embeddable":true,"href":"https:\/\/ynrsolar.shop\/index.php\/wp-json\/wp\/v2\/media\/34061"}],"wp:attachment":[{"href":"https:\/\/ynrsolar.shop\/index.php\/wp-json\/wp\/v2\/media?parent=34022"}],"wp:term":[{"taxonomy":"pwb-brand","embeddable":true,"href":"https:\/\/ynrsolar.shop\/index.php\/wp-json\/wp\/v2\/pwb-brand?post=34022"},{"taxonomy":"product_brand","embeddable":true,"href":"https:\/\/ynrsolar.shop\/index.php\/wp-json\/wp\/v2\/product_brand?post=34022"},{"taxonomy":"product_cat","embeddable":true,"href":"https:\/\/ynrsolar.shop\/index.php\/wp-json\/wp\/v2\/product_cat?post=34022"},{"taxonomy":"product_tag","embeddable":true,"href":"https:\/\/ynrsolar.shop\/index.php\/wp-json\/wp\/v2\/product_tag?post=34022"}],"curies":[{"name":"wp","href":"https:\/\/api.w.org\/{rel}","templated":true}]}}