{"id":33948,"date":"2025-04-14T14:01:53","date_gmt":"2025-04-14T11:01:53","guid":{"rendered":"https:\/\/ynrsolar.shop\/?post_type=product&#038;p=33948"},"modified":"2025-06-09T20:53:07","modified_gmt":"2025-06-09T17:53:07","slug":"tommatech-55wp-flexible-esnek-gunes-paneli-serisi","status":"publish","type":"product","link":"https:\/\/ynrsolar.shop\/index.php\/urun\/tommatech-55wp-flexible-esnek-gunes-paneli-serisi\/","title":{"rendered":"TommaTech 55Wp Flexible Esnek G\u00fcne\u015f Paneli Serisi"},"content":{"rendered":"<p>Y\u00fcksek G\u00fc\u00e7 \u00c7\u0131k\u0131\u015f\u0131<br \/>\nDayan\u0131kl\u0131, Sa\u011flam H\u00fccreler<br \/>\nKolay Ta\u015f\u0131ma<br \/>\nKolay Kurulum<br \/>\n2 Y\u0131l \u00dcr\u00fcn Garantisi<\/p>\n","protected":false},"excerpt":{"rendered":"<p>Y\u00fcksek G\u00fc\u00e7 \u00c7\u0131k\u0131\u015f\u0131 Dayan\u0131kl\u0131, Sa\u011flam H\u00fccreler Kolay Ta\u015f\u0131ma Kolay Kurulum 2 Y\u0131l \u00dcr\u00fcn Garantisi<\/p>\n","protected":false},"featured_media":33983,"template":"","meta":[],"pwb-brand":[518],"product_brand":[],"product_cat":[1997,1984],"product_tag":[1259],"class_list":{"0":"post-33948","1":"product","2":"type-product","3":"status-publish","4":"has-post-thumbnail","6":"pwb-brand-tommatech","7":"product_cat-flexible-esnek-gunes-panelleri","8":"product_cat-gunes-paneli","9":"product_tag-tommatech-170-55wp-flexibleesnek-gunes-paneli-serisi","11":"first","12":"instock","13":"shipping-taxable","14":"product-type-simple"},"jetpack_sharing_enabled":true,"brands":[{"id":518,"name":"Tommatech","slug":"tommatech"}],"_links":{"self":[{"href":"https:\/\/ynrsolar.shop\/index.php\/wp-json\/wp\/v2\/product\/33948","targetHints":{"allow":["GET"]}}],"collection":[{"href":"https:\/\/ynrsolar.shop\/index.php\/wp-json\/wp\/v2\/product"}],"about":[{"href":"https:\/\/ynrsolar.shop\/index.php\/wp-json\/wp\/v2\/types\/product"}],"version-history":[{"count":1,"href":"https:\/\/ynrsolar.shop\/index.php\/wp-json\/wp\/v2\/product\/33948\/revisions"}],"predecessor-version":[{"id":33984,"href":"https:\/\/ynrsolar.shop\/index.php\/wp-json\/wp\/v2\/product\/33948\/revisions\/33984"}],"wp:featuredmedia":[{"embeddable":true,"href":"https:\/\/ynrsolar.shop\/index.php\/wp-json\/wp\/v2\/media\/33983"}],"wp:attachment":[{"href":"https:\/\/ynrsolar.shop\/index.php\/wp-json\/wp\/v2\/media?parent=33948"}],"wp:term":[{"taxonomy":"pwb-brand","embeddable":true,"href":"https:\/\/ynrsolar.shop\/index.php\/wp-json\/wp\/v2\/pwb-brand?post=33948"},{"taxonomy":"product_brand","embeddable":true,"href":"https:\/\/ynrsolar.shop\/index.php\/wp-json\/wp\/v2\/product_brand?post=33948"},{"taxonomy":"product_cat","embeddable":true,"href":"https:\/\/ynrsolar.shop\/index.php\/wp-json\/wp\/v2\/product_cat?post=33948"},{"taxonomy":"product_tag","embeddable":true,"href":"https:\/\/ynrsolar.shop\/index.php\/wp-json\/wp\/v2\/product_tag?post=33948"}],"curies":[{"name":"wp","href":"https:\/\/api.w.org\/{rel}","templated":true}]}}