{"id":33878,"date":"2025-04-14T14:01:28","date_gmt":"2025-04-14T11:01:28","guid":{"rendered":"https:\/\/ynrsolar.shop\/?post_type=product&#038;p=33878"},"modified":"2025-06-09T20:55:45","modified_gmt":"2025-06-09T17:55:45","slug":"tommatech-mxserisi-12v-2000w-tam-sinus-invertorler","status":"publish","type":"product","link":"https:\/\/ynrsolar.shop\/index.php\/urun\/tommatech-mxserisi-12v-2000w-tam-sinus-invertorler\/","title":{"rendered":"TommaTech MXSER\u0130S\u0130 12V 2000W Tam Sin\u00fcs \u0130nvert\u00f6rler"},"content":{"rendered":"<p>Tam Sin\u00fcs Dalga \u00c7\u0131k\u0131\u015f\u0131 (THD&lt;2%)<br \/>\nUzaktan G\u00fc\u00e7 A\u00c7-KAPA Kontrol\u00fc<br \/>\nGiri\u015f ve \u00c7\u0131k\u0131\u015fta Tam \u0130zolasyon<br \/>\nY\u00fck Kontroll\u00fc So\u011futma Fan\u0131<br \/>\nGeli\u015fmi\u015f Mikroi\u015flemci<br \/>\nSe\u00e7ilebilir 50\/60Hz \u00c7\u0131k\u0131\u015f Frekans\u0131<br \/>\n\u00c7\u0131k\u0131\u015f Y\u00fck Seviyesini ve Ar\u0131za Durumunu G\u00f6steren \u00dc\u00e7 Renkli G\u00f6sterge<\/p>\n","protected":false},"excerpt":{"rendered":"<p>Tam Sin\u00fcs Dalga \u00c7\u0131k\u0131\u015f\u0131 (THD&lt;2%) Uzaktan G\u00fc\u00e7 A\u00c7-KAPA Kontrol\u00fc Giri\u015f ve \u00c7\u0131k\u0131\u015fta Tam \u0130zolasyon Y\u00fck Kontroll\u00fc So\u011futma Fan\u0131 Geli\u015fmi\u015f Mikroi\u015flemci<\/p>\n","protected":false},"featured_media":33919,"template":"","meta":[],"pwb-brand":[518],"product_brand":[],"product_cat":[1987,1994],"product_tag":[1213],"class_list":{"0":"post-33878","1":"product","2":"type-product","3":"status-publish","4":"has-post-thumbnail","6":"pwb-brand-tommatech","7":"product_cat-inverterler","8":"product_cat-tam-sinus-inverter","9":"product_tag-tommatech-mx-serisi-2000w-tam-sinus-inverterler","11":"first","12":"instock","13":"shipping-taxable","14":"product-type-simple"},"jetpack_sharing_enabled":true,"brands":[{"id":518,"name":"Tommatech","slug":"tommatech"}],"_links":{"self":[{"href":"https:\/\/ynrsolar.shop\/index.php\/wp-json\/wp\/v2\/product\/33878","targetHints":{"allow":["GET"]}}],"collection":[{"href":"https:\/\/ynrsolar.shop\/index.php\/wp-json\/wp\/v2\/product"}],"about":[{"href":"https:\/\/ynrsolar.shop\/index.php\/wp-json\/wp\/v2\/types\/product"}],"version-history":[{"count":1,"href":"https:\/\/ynrsolar.shop\/index.php\/wp-json\/wp\/v2\/product\/33878\/revisions"}],"predecessor-version":[{"id":33921,"href":"https:\/\/ynrsolar.shop\/index.php\/wp-json\/wp\/v2\/product\/33878\/revisions\/33921"}],"wp:featuredmedia":[{"embeddable":true,"href":"https:\/\/ynrsolar.shop\/index.php\/wp-json\/wp\/v2\/media\/33919"}],"wp:attachment":[{"href":"https:\/\/ynrsolar.shop\/index.php\/wp-json\/wp\/v2\/media?parent=33878"}],"wp:term":[{"taxonomy":"pwb-brand","embeddable":true,"href":"https:\/\/ynrsolar.shop\/index.php\/wp-json\/wp\/v2\/pwb-brand?post=33878"},{"taxonomy":"product_brand","embeddable":true,"href":"https:\/\/ynrsolar.shop\/index.php\/wp-json\/wp\/v2\/product_brand?post=33878"},{"taxonomy":"product_cat","embeddable":true,"href":"https:\/\/ynrsolar.shop\/index.php\/wp-json\/wp\/v2\/product_cat?post=33878"},{"taxonomy":"product_tag","embeddable":true,"href":"https:\/\/ynrsolar.shop\/index.php\/wp-json\/wp\/v2\/product_tag?post=33878"}],"curies":[{"name":"wp","href":"https:\/\/api.w.org\/{rel}","templated":true}]}}